True
Is 31749071141 composite?
True
Is 379365673 prime?
False
Is 609372809 a prime number?
True
Is 1926495427 a prime number?
False
Is 5492029997 composite?
True
Is 8549350937 a composite number?
False
Is 1156100963 a prime number?
False
Is 33612186329 prime?
True
Is 341693120182 composite?
True
Is 1585945579 a composite number?
False
Is 12806876041 a prime number?
True
Is 1110491351 a prime number?
False
Is 1355755879 a composite number?
False
Is 596984837 a composite number?
True
Is 3046474961 a prime number?
True
Is 31408695167 a composite number?
False
Is 340040959 composite?
True
Is 20793632989 a composite number?
False
Is 6086124071 a composite number?
False
Is 5523755317 composite?
True
Is 9613268527 prime?
False
Is 35504611739 a prime number?
True
Is 2899786147 a prime number?
True
Is 17807327287 composite?
False
Is 5930540713 prime?
False
Is 15617920609 composite?
False
Is 2821956023 a prime number?
True
Is 726581549 prime?
True
Is 1146860741 a prime number?
False
Is 852716339 a composite number?
False
Is 23268292429 a prime number?
True
Is 14346249503 a composite number?
False
Is 9672933005 composite?
True
Is 435321079 a prime number?
True
Is 53228350207 prime?
True
Is 23771874607 composite?
True
Is 23866387291 composite?
True
Is 3242167091 prime?
False
Is 4368597091 composite?
True
Is 35942263051 a prime number?
True
Is 103835674 composite?
True
Is 64588982593 prime?
False
Is 313951657 a prime number?
True
Is 3854246567 prime?
False
Is 473088043 a composite number?
False
Is 87860066797 prime?
False
Is 3604208691 a prime number?
False
Is 2526706691 prime?
False
Is 108896761 a composite number?
True
Is 4068747719 a composite number?
True
Is 3682850081 composite?
False
Is 12295444439 a composite number?
False
Is 11220659699 a composite number?
False
Is 1113708697 composite?
True
Is 66127401283 prime?
False
Is 1986907193 a composite number?
False
Is 109008182149 composite?
False
Is 470231595137 prime?
False
Is 2100441823 prime?
True
Is 4440438753 a composite number?
True
Is 2062987541 a composite number?
True
Is 19349913631 a composite number?
False
Is 31725986111 a composite number?
False
Is 4602922993 composite?
True
Is 781909613 prime?
True
Is 1669684007 prime?
True
Is 1824737009 composite?
False
Is 4540825591 prime?
True
Is 171104771021 a composite number?
True
Is 1745436871 a composite number?
True
Is 18633389083 a prime number?
True
Is 21233939647 a prime number?
False
Is 335873123 composite?
False
Is 807547471 a composite number?
False
Is 12720922309 a prime number?
False
Is 1407915281 prime?
True
Is 189454961 prime?
True
Is 1110225247 prime?
True
Is 3111651431 prime?
False
Is 14777043377 composite?
True
Is 321468781 a composite number?
True
Is 845059723 prime?
False
Is 2766536197 prime?
False
Is 4990603729 composite?
False
Is 211424263 composite?
False
Is 274712117 composite?
True
Is 81228514799 a prime number?
True
Is 379325657 a composite number?
True
Is 24900757031 prime?
False
Is 763216433 a composite number?
True
Is 11914339537 prime?
True
Is 15909350923 a prime number?
False
Is 2280985351 a prime number?
True
Is 9345388769 composite?
False
Is 370550821 prime?
False
Is 3732857069 a prime number?
True
Is 54686512099 a prime number?
False
Is 86592815497 a composite number?
True
Is 12162659987 a composite number?
False
Is 2818923193 a composite number?
False
Is 12869487539 composite?
True
Is 3427547693 a composite number?
True
Is 162370743629 prime?
True
Is 127880522137 a prime number?
True
Is 41930888023 prime?
True
Is 1153436509 a composite number?
True
Is 53790349139 a prime number?
False
Is 1212675973 a composite number?
False
Is 923802167 composite?
False
Is 121476991 a prime number?
False
Is 655570969 a composite number?
True
Is 1042573777 a prime number?
False
Is 570938383 a composite number?
True
Is 3737140709 prime?
False
Is 1949219695 a composite number?
True
Is 694297733 prime?
True
Is 64356483181 prime?
True
Is 38434029077 a prime number?
False
Is 683515789 composite?
True
Is 36422828963 a prime number?
False
Is 4250212649 prime?
True
Is 3646795313 prime?
False
Is 28309892489 a composite number?
True
Is 118816987 a prime number?
False
Is 1215636845 prime?
False
Is 59014601 a prime number?
True
Is 83231491 prime?
False
Is 4324262999 a composite number?
True
Is 718847617 composite?
False
Is 20487412243 prime?
False
Is 7838696119 a prime number?
False
Is 59889871 prime?
True
Is 3187244479 a prime number?
True
Is 15140418269 a composite number?
True
Is 57183923 prime?
True
Is 4830428923 composite?
False
Is 246673729 composite?
False
Is 695313559 composite?
False
Is 957075997 prime?
False
Is 74910862633 a composite number?
True
Is 203418599 composite?
False
Is 8702712727 a prime number?
True
Is 2640405499 a prime number?
False
Is 1678368683 prime?
True
Is 437025671 a prime number?
False
Is 978069607 a prime number?
True
Is 4943426511 a prime number?
False
Is 1493047 a composite number?
True
Is 34881044921 composite?
False
Is 494755787 a prime number?
True
Is 66019432071 a composite number?
True
Is 11463366059 prime?
True
Is 8297336753 prime?
True
Is 2508154469 composite?
False
Is 9446382929 a composite number?
False
Is 19594940903 a prime number?
True
Is 75585707 a prime number?
False
Is 7874028367 composite?
True
Is 2185765367 prime?
False
Is 875965463 a composite number?
False
Is 3736284997 prime?
False
Is 51181263953 a prime number?
True
Is 11538949819 a prime number?
False
Is 9084412783 composite?
False
Is 4112837647 prime?
True
Is 899642659 prime?
True
Is 1846923647 a prime number?
True
Is 2964692537 prime?
False
Is 1302025073 a composite number?
False
Is 5371457753 composite?
False
Is 40585489859 prime?
True
Is 32120633893 composite?
False
Is 2544000029 prime?
False
Is 30348481 prime?
False
Is 333474259 prime?
False
Is 912474281 prime?
True
Is 14268231421 a prime number?
True
Is 767913941 a prime number?
True
Is 1841311585 a composite number?
True
Is 123214013281 prime?
False
Is 1424695369 composite?
True
Is 980107937 a prime number?
True
Is 6391254629 composite?
True
Is 1717579021 a prime number?
True
Is 1748221745 a prime number?
False
Is 2457424607 composite?
True
Is 87574090559 prime?
False
Is 516841817 composite?
False
Is 3352150609 composite?
False
Is 854840401 a prime number?
False
Is 4490635447 a composite number?
False
Is 1069426991 composite?
False
Is 17705223763 prime?
False
Is 2974928479 a prime number?
True
Is 628201235 composite?
True
Is 4537682497 a prime number?
True
Is 2203122293 a composite number?
True
Is 23345012319 prime?
False
Is 109297041047 prime?
False
Is 17357973833 prime?
True
Is 852346591 composite?
False
Is 2910285991 prime?
True
Is 27662111401 composite?
False
Is 2673114959 a composite number?
True
Is 110771681 a composite number?
False
Is 44430763823 a composite number?
False
Is 20637134671 composite?
True
Is 94698811 a prime number?
True
Is 220373891 composite?
False
Is 6427287091 a prime number?
False
Is 1729166963 a composite number?
True
Is 828109229 composite?
False
Is 12870706403 composite?
False
Is 101510564761 prime?
True
Is 141113611 composite?
False
Is 4404185029 a composite number?
False
Is 5061260011 a composite number?
True
Is 2979451247 composite?
False
Is 33701344109 composite?
False
Is 407721271 a prime number?
True
Is 2903734501 a composite number?
True
Is 5404537958 prime?
False
Is 1564099871 a composite number?
False
Is 1947253891 composite?
True
Is 31662427 prime?
True
Is 2350841953 a composite number?
True
Is 14616640427 composite?
True
Is 23571668407 a prime number?
False
Is 26874303889 a composite number?
False
Is 3097198211 a prime number?
True
Is 21400273619 composite?
False
Is 96528728939 a composite number?
True
Is 78201614201 composite?
True
Is 73050111971 a prime number?
False
Is 1159642409 a composite number?
True
Is 858472067 a composite number?
False
Is 1533482129 composite?
False
Is 1190285219 a composite number?
False
Is 4050886877 a prime number?
False
Is 255741803 a composite number?
False
Is 592198093 prime?
True
Is 10804017403 a composite number?
False
Is 78584971 a prime number?
False
Is 183098911 a composite number?
True
Is 59681198693 a composite number?
False
Is 3866244919 a prime number?
True
Is 4299343739 prime?
False
Is 194666819 prim